nder when 165 is divided by q?
3
Suppose 5*s - 6*v - 85 = -3*v, s - 34 = 4*v. Let c(t) = -12*t - 30. Let p be c(7). Let o = -75 - p. What is the remainder when o is divided by s?
11
Let f(z) = z**3 + 19*z**2 + 5*z + 24. Let u be f(-6). Suppose 2*x = -h + 452, -5*x + 4*h - u + 1605 = 0. What is the remainder when x is divided by 38?
37
Let j be (-2)/(-3) + (-4 - (-118)/3). Let s = j + 162. What is the remainder when s is divided by 40?
38
Suppose -85725 = -29*t - 5*t - 27959. What is the remainder when t is divided by 21?
19
Let h(y) be the third derivative of 0*y - 5/2*y**3 + 0 - 4*y**2 + 1/6*y**4 + 1/60*y**5. Calculate the remainder when h(-7) is divided by 6.
0
Let q be (-1)/(-1)*(14 - -1). Let u = 13 + q. Let m = -995 + 1217. Calculate the remainder when m is divided by u.
26
Let v(c) = 3*c**2 + 105*c - 1108. What is the remainder when v(10) is divided by 216?
26
Suppose -4*r - 5*m + 56 = 0, 3*m + 37 = 5*r - 33. Let a = -10 + 10. Suppose a = -3*n - 2*n + 40. Calculate the remainder when r is divided by n.
6
Suppose -4156*h + 4163*h = 287. What is the remainder when (-428)/(-6) - (-4)/(-12) is divided by h?
30
Let l = -984 - -984. Let b = -20 + 29. Suppose l = -b*d + 267 + 48. Calculate the remainder when 69 is divided by d.
34
Let o = 47 + -47. Suppose o = 24*f - 7*f - 595. Calculate the remainder when 43 is divided by f.
8
Suppose 0 = -q - p + 159, 4*q - 789 = 2*p - 111. What is the remainder when q is divided by 56?
54
Suppose 0 = -0*x + 3*x + n - 20, -3*x + 3*n + 12 = 0. Suppose x*r = -0*r - 906. Let o = r - -238. Calculate the remainder when o is divided by 23.
18
Calculate the remainder when (1 + 1)*21952/112 is divided by 10.
2
Let q = 37700 - 35840. Calculate the remainder when q is divided by 133.
131
Let p = 26631 + -22505. What is the remainder when p is divided by 318?
310
Let h(r) = 168*r - 148. Calculate the remainder when 1477 is divided by h(1).
17
Let a(j) = 4*j**3 - 2*j**2 + j - 1. Let m(h) = 1. Let x(n) = -12*n - 21. Let w(z) = -m(z) + x(z). What is the remainder when w(-8) is divided by a(2)?
24
What is the remainder when 1421 is divided by (0 + -1)/(47/(-846))?
17
Suppose -4*h = -2*q - 36, 51*q + 10 = 2*h + 48*q. Calculate the remainder when 535 is divided by h.
7
Calculate the remainder when (51/15)/(54/141210) is divided by 76.
75
Let b = 279 - 473. Let n = 203 + b. What is the remainder when 78 is divided by n?
6
Suppose -67*y - 62*y + 3955 + 3398 = 0. Calculate the remainder when 209 is divided by y.
38
Suppose b - 72*i = -69*i + 211, 3*b - 3*i = 657. Calculate the remainder when 3565 is divided by b.
220
Let p = 3575 - 3108. Calculate the remainder when p is divided by 56.
19
Let z(x) = -x**3 - 29*x**2 - 4*x + 567. What is the remainder when z(-29) is divided by 148?
91
Let r(u) = u**3 + u**2 + 2*u + 4. Let m be r(0). Let z be m + 3 + 3 + -1. Calculate the remainder when 17 is divided by 3 + (-21)/9 - (-39)/z.
2
Suppose 4*x + 6*j - j + 3051 = 0, -5*x + 2*j - 3789 = 0. Let w = 773 + x. Calculate the remainder when 76 is divided by w.
6
Let c = 3652 - 3558. Calculate the remainder when 455 is divided by c.
79
Let n = 4797 - 4638. Calculate the remainder when n is divided by 22.
5
Calculate the remainder when 315/60 + -5 - (-1029)/12 is divided by 83.
3
Let d = -1131 + 1175. What is the remainder when 439 is divided by d?
43
Let d(j) be the second derivative of -j**5/20 - 11*j**4/4 + j**3/2 + 67*j**2 + j - 288. What is the remainder when d(-33) is divided by 19?
16
Let m = 1399 - 740. Let v = -330 + m. Calculate the remainder when v is divided by 30.
29
Let q(h) = h**3 + 6*h**2 + 2*h - 3. Let k be q(-6). Let t(c) = c**3 + 17*c**2 + 19*c - 36. What is the remainder when t(k) is divided by 72?
57
Suppose -5*o - a = -8, -a = 3*o + 2 - 8. Suppose -5*n - 85 = -7*k + 2*k, -2*k + 3*n + 39 = 0. Calculate the remainder when 20 + o + 4 + 4 is divided by k.
5
Let b(q) = -q + 18. Let y be b(-8). Let o = -33 + y. Calculate the remainder when 59 is divided by (o/21 + 4/(-6))*-22.
15
Suppose -4*f + 36 = -2*j + f, j = 5*f - 23. Let z = j + 22. Suppose -3196 = -594*n + 500*n. Calculate the remainder when n is divided by z.
7
Calculate the remainder when (7 - 2)*(167 + -4 - -18) is divided by 50.
5
Suppose 0 = -s - 3*s - n + 332, -4*s = 3*n - 332. Let i be 3 - 0 - 0/(-4). What is the remainder when s is divided by 1/i + 800/48?
15
Let m = -8039 - -8204. Calculate the remainder when 816 is divided by m.
156
Suppose -p + c + 2 = 0, -19*p + 16*p + 6 = c. Let b(r) be the second derivative of 17*r**3/3 + r**2/2 + r. Calculate the remainder when b(p) is divided by 18.
15
Let h(q) = 20*q + 245. Let n be h(-25). Calculate the remainder when 47 is divided by (n/(-119))/(-1*1/(-7)).
2
Suppose 2 = -3*k - 2*o, -27*k - 5*o - 30 = -32*k. Calculate the remainder when 230 is divided by k.
0
Let p(r) = r**3 + 6*r**2 - 6*r + 15. What is the remainder when 164 is divided by p(-7)?
4
Let z(i) = 7*i - 53. Let j(l) = -15*l + 110. Let y(s) = 3*j(s) + 5*z(s). Calculate the remainder when 30 is divided by y(4).
5
Suppose 2*g + 8*g = 5*g + 16370. What is the remainder when g is divided by 131?
130
Suppose 0 = 123*i - 182*i + 5074. Suppose -2*d - 8 = n + 2*d, -4*n = 2*d - 24. Calculate the remainder when i is divided by n.
6
Let b(z) = -3*z**3 + 70*z**2 + 55*z - 9. Calculate the remainder when 1744 is divided by b(24).
154
Let c be 440/10 + -4 + 0. Let l = 38 - c. What is the remainder when 79/(l/(-7) - (-20)/28) is divided by 16?
15
Suppose 9*b - 20 = -b. What is the remainder when -2 - b/(-1)*(-110)/(-5) is divided by 25?
17
Let x(l) = 42*l + 1. Let t be x(1). Let b(p) = -p**3 - 7*p**2 + 11*p + 30. Let k be b(-8). Suppose k*g = t + 119. What is the remainder when g is divided by 7?
6
Let l = 19 + -19. Suppose 0 = 3*c + m - 301 - 17, 4*m = 2*c - 212. Calculate the remainder when c is divided by 76/2 - (2 - l).
34
Suppose -9 = -3*l + 24. Let c = 51 + l. What is the remainder when c is divided by 116/6 + (-7360)/2208?
14
Suppose -13*h = -11*h - 94. Let z(b) = 202*b - 1187. Calculate the remainder when z(7) is divided by h.
39
Let u = 83 + 16. Let l be u*(-32)/(-24) - 0/1. Let c = l + -83. Calculate the remainder when c is divided by 13.
10
Let m(o) = o + 71. Let p be m(-7). Suppose -p*r - 504 = -72*r. What is the remainder when r is divided by 11?
8
Let v be 102240/272 - (-2)/17. What is the remainder when v/44 - 8 - (-984)/11 is divided by 20?
10
Let u = -38 - -35. Let d = -86 + 93. Calculate the remainder when (28 - 25)*(0 - 11/u) is divided by d.
4
Suppose 30*t + 4*g + 80 = 35*t, 0 = -2*g. What is the remainder when (-1 + -1)*355/(-10) is divided by t?
7
Suppose -d + 5*w + 370 = 0, 5*d + 18*w = 20*w + 1827. Calculate the remainder when d is divided by 21.
8
Suppose 2*f = -2*s + 4, 5*f + 18*s - 18 = 17*s. Suppose 0*m + 5*q + 1638 = 2*m, -f*q = -4*m + 3252. What is the remainder when m is divided by 30?
29
Suppose 7*f = 6*f + u + 9, 0 = -3*f + u + 17. Suppose -5*v = -f*v - 66. What is the remainder when v is divided by 13?
1
Let i(z) = 5*z**3 + 20*z**2 + 24*z + 14. Let q(d) = -2*d**3 - 7*d**2 - 8*d - 5. Let o(g) = -3*i(g) - 8*q(g). What is the remainder when o(9) is divided by 37?
35
Let x(f) = 12*f - 117. Suppose 3*s = -3, -3*i + 2*i = 3*s - 5. Calculate the remainder when i is divided by x(10).
2
Let r be 696/(-10) - (-3)/(-45)*6. Let x = r - -93. Let m(j) = -j**3 + 11*j**2 + 3*j - 27. Calculate the remainder when x is divided by m(11).
5
Suppose -2*q + 40*a = 37*a - 127, 0 = -5*q - a + 275. Suppose -16 = m + 5*w - q, -3 = w. Calculate the remainder when 94 is divided by m.
39
Let h(s) = -9*s - 86. Let f be h(-10). Calculate the remainder when (-6 + f)*1001/(-26) is divided by 9.
5
Let g(u) = u**3 + 7*u**2 - 77*u + 15. Let o be g(-13). Suppose 4*f = o*l - 0*f - 6, -4*l - f + 21 = 0. Calculate the remainder when 80 is divided by l.
0
Suppose -m = -2, -3*v + 127 = -0*v - 4*m. Calculate the remainder when v is divided by (-2)/(-8) - 1760/(-128).
3
Suppose 4*c + 23 = 31. Suppose 2*a = c + 164. Let r = a + -57. What is the remainder when r is divided by 7?
5
Suppose s + 33 = 4*s. Let f(h) = -2*h**3 + h**2 - 10*h + 31. What is the remainder when f(0) is divided by s?
9
Let l be (17 + -1)/(-224 - -225). Let w = 28 - 14. Suppose -360 = w*t - l*t. Calculate the rem